5. What is the greatest common factor of q and 26?
2
Let x = -1233 - -1269. Calculate the highest common divisor of 387 and x.
9
Suppose -58 + 6 = -4*l. Suppose -51*f + 37 = 4*v - 54*f, 2*v = 5*f + 1. Calculate the highest common factor of l and v.
13
Suppose 10*n - 25 = 5*n. Calculate the greatest common divisor of 155 and n.
5
Let j = 15 + -6. Suppose 2*w - j = 81. Suppose 5*a - 142 = -4*q, 5 + 63 = 2*a - 4*q. What is the greatest common divisor of w and a?
15
Suppose -6*l - 35 = -7*l. Let k be 12/(-10)*(-200)/(-12). Let c = k - -27. What is the greatest common factor of c and l?
7
Suppose 8*t = 3979 + 6661. Calculate the greatest common divisor of t and 140.
70
Suppose x - 2*x + 4*d = -6, -30 = -5*x + 3*d. Let i(r) = -2*r**2 + 52*r - 318. Let g be i(11). Calculate the greatest common divisor of x and g.
6
Let k = -1 + 6. Suppose 114*y = 159*y - 1125. Calculate the greatest common divisor of y and k.
5
Let x = 132 - 34. What is the greatest common divisor of 42 and x?
14
Let t = 60 - 11. Let n = t - 20. Suppose -n = -2*p + 71. What is the highest common divisor of 75 and p?
25
Let b(h) = h - 12. Let i be b(6). Let y be (-4 + -3)*i/14. Suppose 3 + 3 = y*j. Calculate the highest common divisor of j and 14.
2
Let y(b) = -1 - b + 4*b**3 - b**2 + 7*b**3 - 22*b**3. Let j be y(-1). What is the highest common divisor of 50 and j?
10
Suppose -8*v = -1226 + 842. What is the greatest common divisor of v and 28?
4
Let p = -21 - -52. Suppose -c + p = -13. What is the highest common factor of c and 11?
11
Let w be 168/9*(-36)/(-24). What is the highest common divisor of 49 and w?
7
Suppose -40 = d + 3*d. Let y be (-6)/d - 1836/(-90). Calculate the greatest common divisor of y and 7.
7
Suppose 0 = 2*x + 5*u - 17 - 78, -x - 4*u = -52. Calculate the highest common divisor of x and 30.
10
Let c(n) = -5*n**3 - 11*n**2 - 14*n. Let x be c(-7). Calculate the greatest common factor of x and 78.
26
Suppose -p + 2*p - 56 = 0. Suppose 6*s = 2*s + p. Calculate the greatest common divisor of s and 98.
14
Let r(t) = 3*t**2 + 2*t - 68. Let z be r(15). What is the highest common divisor of z and 26?
13
Suppose -4*h + 3*r + 1018 = 0, -776 = -3*h - 7*r + 3*r. What is the greatest common factor of 80 and h?
16
Suppose 11*z - 1 = 12*z. Let j be (((-28)/12)/7)/(z/150). Calculate the greatest common factor of j and 200.
50
Let s(i) = i**2 + 16*i + 493. Let u be s(0). Calculate the highest common factor of 102 and u.
17
Suppose 4*l + 81 = -4*i - 51, 0 = -5*l + 4*i - 129. Let q = l - -35. Suppose -b + 18 = 2*b. Calculate the greatest common factor of b and q.
6
Suppose c - 998 - 542 = 0. Suppose 18*z - 13*z = c. What is the highest common divisor of z and 28?
28
Let p be (-6)/(-9)*24/4. Suppose 4*a = -p, x - 4*x = -3*a - 6. What is the greatest common factor of 11 and x?
1
Let n be ((-10)/(-4))/(-2 - (-26)/8). Suppose n*s = -7*s + 144. What is the highest common divisor of 176 and s?
16
Suppose -3*i = -3*t - 27, -3*i - 2*i = -10. Let n be 2/t - (-7)/((-196)/(-400)). Calculate the highest common factor of n and 112.
14
Let p be (-455)/(15/(-3)) - -4. Calculate the greatest common divisor of 38 and p.
19
Suppose 3*y - 659 = -92. Suppose 130 = 5*u - 0*u - 5*k, -68 = -3*u + k. What is the greatest common divisor of u and y?
21
Let i(z) = -13*z**3 + z + 1 - 3*z**2 + 0*z**2 + 22*z**3. Let f be i(1). Calculate the greatest common divisor of 72 and f.
8
Let l(g) = 3*g + 30. Let j be l(-8). Suppose j*x - 168 = 3*x. Calculate the highest common divisor of x and 7.
7
Suppose -319 = -5*w - 5*n + 131, -5*w = -2*n - 450. Let s = 169 + -151. What is the highest common divisor of w and s?
18
Let q = 22 - 16. Suppose 0 = 4*v - q*v + 68. Calculate the highest common factor of 17 and v.
17
Let p(r) = 97*r - 250. Let m be p(11). Calculate the greatest common factor of 19 and m.
19
Let j = 338 - 104. Suppose 3*r - 75 = -5*d, r - d = 10 + 7. Suppose -l - 6*y + r = -4*y, 0 = -4*l - 2*y + 98. Calculate the greatest common divisor of l and j.
26
Let h be (-5*1)/(-7 - (-558)/81). Let q be (-532)/(-36) + (-2)/(-9). What is the greatest common divisor of q and h?
15
Suppose s + 2*r - 12 - 103 = 0, -290 = -3*s + 5*r. Calculate the highest common factor of s and 255.
15
Let r = -641 + 718. Calculate the highest common factor of r and 385.
77
Let y(g) = -59*g - 213. Let q be y(-6). Calculate the highest common divisor of q and 329.
47
Let w = 176 - 132. What is the highest common factor of 77 and w?
11
Suppose 4*d = 59 + 65. Suppose 0 = -2*c + 4*k + 666, -2*k = 2*c + 2*k - 698. What is the highest common factor of d and c?
31
Suppose 118 = -f - f + 2*g, -g = 5*f + 325. Let n be 7*188/22 - f/352. Calculate the highest common factor of n and 90.
30
Suppose 0 = 4*r + 11*r - 1650. Calculate the greatest common divisor of r and 80.
10
Let h be 2 + -2 + (-10 - -14). Let r be 0 + h - (1 - 1). Calculate the greatest common divisor of 10 and r.
2
Suppose 0 = -27*w + 34*w - 399. What is the highest common divisor of 1539 and w?
57
Suppose 12 = 41*f - 38*f. Calculate the greatest common divisor of 16 and f.
4
Suppose -154 = 4*d - 150, -3*q - 5*d + 163 = 0. Calculate the highest common divisor of 1358 and q.
14
Suppose -3*p = -2*r + 263, -80*r - 2*p - 382 = -83*r. Calculate the highest common factor of 16 and r.
4
Suppose 0 = -3*q - d + 3, 0 = 5*q + d + 3*d + 2. Suppose -3*z + 112 = -q*z. Let g = 1447 - 1433. What is the greatest common divisor of z and g?
14
Suppose -145 = -3*k - 4*j, -1 = -k - 2*j + 46. Calculate the highest common divisor of k and 323.
17
Let d be (-7939)/(-85) - ((-6)/5)/(-3). Let s = d + -29. What is the greatest common divisor of s and 8?
8
Suppose 34*r = 30*r - 20, -5*p + 4*r + 85 = 0. What is the greatest common factor of p and 377?
13
Let m = -80 - -116. Let l = 51 - m. What is the greatest common factor of l and 6?
3
Suppose -4*t - 646 = -5*h, 240 = 2*h + 4*t - t. Suppose 0 = -3*g + 54. What is the greatest common divisor of g and h?
18
Suppose -25*v + 986 = -23*v. Suppose 3*p + 34 = v. Calculate the highest common factor of p and 9.
9
Let y(z) = 65*z**3 + 3*z - 2. Suppose 4*t + 0 = 4. Let q be y(t). Calculate the greatest common divisor of q and 11.
11
Suppose -3*z = -a + 20, a - 52 = -3*a + 5*z. Let r(s) = s**2 + 3*s. Let y be r(-7). Suppose 5*h - y = 52. Calculate the greatest common divisor of h and a.
8
Suppose 63 + 51 = 3*k. Let r(a) = -5*a**2 - 90*a + 10. Let h be r(-17). Calculate the highest common divisor of h and k.
19
Let g = 10 - -26. Suppose 0 = 4*b + h + 2*h + 72, g = -2*b + h. Let v be (-1)/(-2) + b/(-4). Calculate the highest common divisor of v and 35.
5
Let d = 58 + -34. Let k be (-32)/(-5)*(-30)/(-4). What is the greatest common divisor of d and k?
24
Let r be 8/36 + 122/18. Suppose -2*q + 7*q = -g + 284, -156 = -3*q + 3*g. Suppose 6*s - 14*s + q = 0. Calculate the highest common factor of s and r.
7
Let p(u) = -4*u**3 - 2*u**2 - 4*u. Let a be p(-2). Let t(j) = j**3 - j**2 + 2*j - 1. Let b be t(1). What is the greatest common divisor of a and b?
1
Suppose 3*w = 799 - 100. Suppose -w = -4*n - 13. Suppose 5*o - 5*g - 45 = 0, 3*o + 0*g - 19 = g. Calculate the highest common divisor of o and n.
5
Let a(l) = 55*l + 57. Let q be a(15). Suppose 2*o = 9*o - q. Calculate the greatest common factor of o and 18.
18
Let k be 13/6 + (-3)/18. Let n be k/(-4)*-2 + 154. Suppose p - n = 3*t, 540 = 4*p + t + 3*t. Calculate the highest common factor of p and 20.
20
Let o be (-2595)/(-12) - (-2)/(-8). Let c be 3/(-45) - (-24886)/690. Calculate the greatest common factor of o and c.
36
Let w = -13 + 15. Suppose 0 = 5*g - 2*q - 433, -g + 5*q + 97 = w*q. Let h(a) = 2*a**2 - 7*a + 4. Let n be h(6). What is the greatest common divisor of g and n?
17
Let z(j) = -j**3 + 7*j**2 + 15*j. Let b be z(-6). Calculate the highest common factor of 108 and b.
54
Let u(l) = 4*l - 22. Let j be u(7). Let k be j/4*(-20)/30*-140. What is the greatest common factor of k and 20?
20
Let h = 32 - 22. Let k(w) = w**2 - 4*w + 2. Let f be k(4). Suppose f*p + h = 4*c, 0*p = -3*p + 15. Calculate the highest common divisor of c and 10.
5
Suppose -3*f = -3, -4*m + f + f - 66 = 0. Let u be (-86)/3*13/(442/(-51)). Let i = m + u. Calculate the highest common divisor of 9 and i.
9
Suppose -3*o = 4*r - 9*r + 61, -5*r = 4*o + 12